 by 1?
0
Suppose 2*w = 4*w - 2. Let r be (0/5)/w + 2. What is the remainder when 80 is divided by -3 - (-31)/(2/r)?
24
Let l(b) = -b**3 - 19*b**2 - 78*b - 48. What is the remainder when 113 is divided by l(-14)?
49
Let f(l) = -19*l**3 + l**2 + 2*l + 2. What is the remainder when 277 is divided by f(-1)?
17
Suppose -5*b + 4*f - 78 + 307 = 0, -4*f = -b + 49. Suppose -6*s = -3*s - b. What is the remainder when 26 is divided by s?
11
Let p = -82 - -94. Let i = 232 + -505. What is the remainder when 63 is divided by i/(-12) - 9/p?
19
Suppose 2*b + 2*l - 14 = 0, -2*l = 2*b + l - 18. Suppose -n = -b - 22. Calculate the remainder when (6/(-15))/(((-8)/2)/480) is divided by n.
23
Suppose 3*p - 4 = -0*p + 2*h, 4*p + 5*h = -33. Let v be p/4*(-1 - 1). Suppose 2*o = 4, -v = s - o - 4. Calculate the remainder when s is divided by 4.
1
Let n = -7 - -132. Let v = 141 + -109. Calculate the remainder when n is divided by v.
29
Suppose 59*f + 70 = 64*f. Let r = -239 - -304. Calculate the remainder when r is divided by f.
9
Suppose 0 = -5*n + 5*w, 4*n + 2*w + 8 = -2*w. Calculate the remainder when 45/3 - (-1 + 1) is divided by (-5 - -3 - n) + 7.
3
Let o = -2 - -7. Suppose -3*k - o*m = -46, 57 = 5*k + 5*m - 3. Calculate the remainder when 27 is divided by k.
6
Let c = 678 + -672. Calculate the remainder when 147 is divided by c.
3
Suppose -2*g + 44 = 2*a + 2*a, 63 = 4*g + 3*a. Suppose -g*n = -8*n - 20. Calculate the remainder when n is divided by 3/(4/(16/6)).
1
Let l = -85 + 132. Let s = -39 + l. Calculate the remainder when 28 is divided by s.
4
Suppose -s = -3*j - 35, j - 16 + 121 = 5*s. Suppose o + 5 - s = -5*l, l + 3*o = 17. What is the remainder when 31 is divided by l?
1
Let r(x) = -x**3 + x**2 + 11*x + 13. Calculate the remainder when 94 is divided by r(-3).
14
Calculate the remainder when ((-2)/5)/((-7)/105)*9 is divided by 7.
5
Let z(k) = 2*k**2 - 3*k - 1. Let s be z(5). Suppose 3*y = 125 + s. Let d = -1 - -15. What is the remainder when y is divided by d?
11
Let d(m) = -3*m + 24. Let x(i) = -3*i + 25. Let t(h) = 3*d(h) - 2*x(h). Calculate the remainder when t(-10) is divided by 27.
25
Let i = 42 + -64. Let t = 18 - i. Calculate the remainder when 79 is divided by t.
39
Let q(l) = -68*l**3 + 1. Calculate the remainder when q(-1) is divided by 24.
21
Suppose 0 = -g + 12 + 3. Let y = 39 - 39. Suppose y*h = -h + g. What is the remainder when 29 is divided by h?
14
Let m = 82 - 120. Let x = m - -59. Calculate the remainder when 58 is divided by x.
16
Suppose 0 = -2*r + 10, -5*r = -h - r + 117. What is the remainder when h is divided by 10?
7
Suppose -q - 2*l - 55 = -2*q, 0 = 2*q + 4*l - 118. Calculate the remainder when 169 is divided by q.
55
Suppose 4*t = -2*o + 10, 10*t - 8*t - 5*o + 13 = 0. What is the remainder when 103 is divided by t?
0
Let l(i) = -i - 9. Let g be l(-6). Let h be g/(-1) - 1*8. Let a(y) = -y**3 - 6*y**2 - 6*y + 4. What is the remainder when 26 is divided by a(h)?
8
Let z be 1 + 0 - (-13 - -2). Let x = 13 - z. What is the remainder when 55 is divided by x/((-2)/232*-4)?
26
Let f = 18 + -7. Let b = f + -3. Let h(l) = l**3 + 7*l**2 + 2*l - 3. Calculate the remainder when h(-6) is divided by b.
5
Let v(o) = -2*o - 9. Suppose 0 = -2*p + 4*i + 48, 4*i + 28 = 3*p - 34. Calculate the remainder when p is divided by v(-6).
2
Suppose 102 = 23*h - 82. What is the remainder when 186 is divided by h?
2
Suppose -4*w = -0 - 8. Suppose -23 - 5 = -w*t. Let l = 131 + -105. What is the remainder when l is divided by t?
12
Suppose 4 = -2*m - 2*p, 4*p = -3*m + 2*p - 10. Calculate the remainder when 164/m*(-48)/32 is divided by 22.
19
Let p = 30 - 17. Let d(w) = w**3 - 14*w**2 + 13*w + 18. Let c be d(p). Suppose o - 24 = 5*s, -2*o + s = 6*s - c. Calculate the remainder when o is divided by 6.
2
Suppose 15*c = 18*c - 138. Let r = c + -28. What is the remainder when r is divided by 7?
4
Suppose 37 + 41 = 3*j. What is the remainder when 256 is divided by j?
22
Suppose -7 + 303 = -2*o. Let l = -46 - o. What is the remainder when l is divided by 35?
32
Suppose 15*l + 1181 - 7406 = 0. What is the remainder when l is divided by 21?
16
Let o = -61 - -81. Suppose -4*q = -0*q + g - 57, 0 = 4*g - o. What is the remainder when 24 is divided by q?
11
Let t be (3 - 4 - 1) + 235. Suppose 3*c - 187 - t = 0. Suppose 0 = -a + 6*a - c. What is the remainder when 55 is divided by a?
27
Let h(j) = -j + 18. Suppose 5*r = -2*q + 90, 4*r - 65 = -0*r - 3*q. Suppose 3*s - r = 28. What is the remainder when s is divided by h(9)?
7
Suppose 5*n = 22*n - 340. Calculate the remainder when 50 is divided by n.
10
Suppose v - 28 = 2*l, -7*l + 5*l = -2*v + 60. What is the remainder when (-381)/(-6) - (-1 - (-12)/8) is divided by v?
31
Suppose -4*v + 20 - 2 = f, 0 = -4*f - 5*v + 50. Let k = 83 - 47. Calculate the remainder when k is divided by f.
6
Let y = -1 + 1. Suppose -3*u - 37 = -q, -5*q + u = -y*q - 115. Suppose 0 = 2*a + 5*o - 5 - 11, -21 = -a + 4*o. What is the remainder when q is divided by a?
9
Let g(k) = -k**3 + k**2 + 2*k + 10. Let w be g(0). Let h = 19 - w. Calculate the remainder when 105 is divided by (81/h)/(1/3).
24
Let f = -769 + 1856. What is the remainder when f is divided by 64?
63
Let m(l) = -6*l - 14. Let n be m(7). Let o = -49 - n. Calculate the remainder when 31 is divided by o.
3
Suppose 2*b + 8*o = 7*o + 62, -3*o - 6 = 0. Let p(g) = -62*g. Calculate the remainder when p(-2) is divided by b.
28
Suppose -67 - 123 = -5*b. What is the remainder when (-739)/(-11) + b/(-209) is divided by 18?
13
What is the remainder when 309 is divided by 43 + 16/24*-12?
29
Calculate the remainder when (-28)/(-126) + (-2284)/(-9) is divided by 32.
30
Let r(q) = 285*q - 853. Let l(j) be the first derivative of j**2/2 + j - 1. What is the remainder when l(2) is divided by r(3)?
1
Let x(d) = -19*d**2 + 7*d**2 + 9 - 2*d - d**3 - 20. Suppose m = -2*m - 36. What is the remainder when 23 is divided by x(m)?
10
Let s(c) = 19*c**2 + 114*c - 468. Calculate the remainder when s(4) is divided by 51.
37
Let w be (0 + 2 + 9)*1. Let l = w + -6. Suppose 9*x = l*x + 56. Calculate the remainder when x is divided by 8.
6
Let v(n) = n**2 - n - 45. Calculate the remainder when 292 is divided by v(9).
22
Let h(v) = -v**3 - 4*v**2 + 3*v + 10. Suppose 0 = 4*d - 4*z - 208, -2*d + 2*z + 3*z = -119. Calculate the remainder when d is divided by h(0).
7
Let n(a) = a**2 + 55. Let t be n(0). Suppose -1 = -2*l - 4*s + t, -23 = -l + 3*s. Let w = -36 - -50. What is the remainder when l is divided by w?
12
Let z = -13 + 42. Calculate the remainder when z is divided by 20.
9
Let t = -15 + 27. Suppose 0 = 2*u - 5*z + 6, -4 = -4*z + t. Suppose -26 + 6 = -r. Calculate the remainder when r is divided by u.
6
Let p(a) = -2*a**2. Let f be p(3). Suppose -6*q + 352 = -14*q. Let z = f - q. What is the remainder when 50 is divided by z?
24
Suppose 3*j + 16 = -j. Calculate the remainder when (-26)/(3 + j)*1 is divided by (-35)/(-4) + (-11)/(-44).
8
Let m = -10755 - -10943. Let w = -59 - -97. What is the remainder when m is divided by w?
36
Let k = -29 + 67. Let w = k - 20. Suppose 0 = -5*j - 21 + 186. Calculate the remainder when j is divided by w.
15
Suppose 5*x - 147 = v, -2*x + 7*v = 2*v - 68. What is the remainder when x is divided by 2?
1
Suppose -114 = -2*i - i - 2*l, -4*i = -2*l - 152. Let w(x) = x + 4. What is the remainder when i is divided by w(4)?
6
Let d(l) = l - 2. Let z be d(-4). Let s(f) = -7*f + 14. Let y be s(z). Suppose 34 = 3*i - y. Calculate the remainder when i is divided by 8.
6
Suppose 0 = p - 5*h - 26, -5*h + 41 - 1 = 5*p. Suppose -5*g = -53 - 72. Calculate the remainder when g is divided by 97/p + 32/176.
7
Let s = -66 - -94. Let h = s - 21. Calculate the remainder when 25 is divided by h.
4
Let b = -1098 - -2219. Calculate the remainder when b is divided by 51.
50
What is the remainder when 484 is divided by (-652)/(-5) + (36/60 - 2)?
97
Calculate the remainder when (-6)/24*12 - -389 is divided by 131.
124
Suppose 4 = -4*m - 0. Let g(p) = -p**3 - 12*p**2 - 13*p - 16. What is the remainder when (0 + m)/((-4)/64) is divided by g(-11)?
4
Suppose 125 = 5*a - 0*a. Let s be (-174)/(-54) - (-2)/(-9). Suppose -s*i + a = 2*o, -2*o + 47 = 5*i + 4. Calculate the remainder when 43 is divided by i.
7
Let y(p) = p**2 